{"id":102,"date":"2022-12-22T11:04:48","date_gmt":"2022-12-22T10:04:48","guid":{"rendered":"http:\/\/spwb.be\/index.php\/about-us\/"},"modified":"2022-12-22T15:52:35","modified_gmt":"2022-12-22T14:52:35","slug":"about-us","status":"publish","type":"page","link":"https:\/\/spwb.be\/index.php\/about-us\/","title":{"rendered":"Qui nous sommes ?"},"content":{"rendered":"<div>\n<div>\n<div>\n<div class=\"block-editor-block-list__layout is-root-container\">\n<p aria-label=\"Bloc paragraphe\" role=\"textbox\" class=\"block-editor-block-list__block wp-block rich-text block-editor-rich-text__editable wp-block\" aria-multiline=\"true\" id=\"block-99b4b687-6d7a-4690-b1b9-f68e0647e026\" data-block=\"99b4b687-6d7a-4690-b1b9-f68e0647e026\" data-type=\"core\/paragraph\" data-title=\"Paragraphe\" contenteditable=\"true\" tabindex=\"0\">Le Secours Populaire agit dans le domaine de l\u2019action sociale, culturelle, \u00e9ducative et humanitaire. En effet, l\u2019association a pour but d\u2019accompagner les populations d\u00e9favoris\u00e9es en vue de promouvoir leur d\u00e9veloppement personnel ainsi que leur int\u00e9gration dans la soci\u00e9t\u00e9 en tant que citoyens actifs, solidaires et responsables.<\/p>\n<p aria-label=\"Bloc paragraphe\" role=\"textbox\" class=\"block-editor-block-list__block wp-block rich-text block-editor-rich-text__editable wp-block\" aria-multiline=\"true\" id=\"block-59bb7b3f-e806-4b1f-9273-2d23fb68b553\" data-block=\"59bb7b3f-e806-4b1f-9273-2d23fb68b553\" data-type=\"core\/paragraph\" data-title=\"Paragraphe\" contenteditable=\"true\" tabindex=\"0\">En outre, nous sommes constitu\u00e9es de membres b\u00e9n\u00e9voles de tous horizons qui apportent leurs comp\u00e9tences pour d\u00e9fendre cette cause sociale. Ainsi, gr\u00e2ce \u00e0 cette riche diversit\u00e9, des hommes et des femmes se rejoignent, unis dans une volont\u00e9 solide de \u00abContribuer \u00e0 rendre leur dignit\u00e9 aux opprim\u00e9s, aux laiss\u00e9s-pour-compte d\u2019ici et d\u2019ailleurs\u00bb.<\/p>\n<p aria-label=\"Bloc paragraphe\" role=\"textbox\" class=\"block-editor-block-list__block wp-block rich-text block-editor-rich-text__editable wp-block\" aria-multiline=\"true\" id=\"block-e1b7c2d2-8fe0-4222-9a17-86b5110f79f4\" data-block=\"e1b7c2d2-8fe0-4222-9a17-86b5110f79f4\" data-type=\"core\/paragraph\" data-title=\"Paragraphe\" contenteditable=\"true\" tabindex=\"0\">Nous soutenons des actions de solidarit\u00e9s mais \u00e9galement des projets importants qui ont pour but d\u2019encourager l\u2019ouverture d\u2019esprit, la tol\u00e9rance, le dialogue et sans oublier la participation active de notre public. Par cons\u00e9quent, notre institution a pour objectifs d\u2019(e) :<\/p>\n<p aria-label=\"Bloc paragraphe\" role=\"textbox\" class=\"block-editor-block-list__block wp-block rich-text block-editor-rich-text__editable wp-block\" aria-multiline=\"true\" id=\"block-656703eb-9572-4322-aeb0-9a438b97bd2c\" data-block=\"656703eb-9572-4322-aeb0-9a438b97bd2c\" data-type=\"core\/paragraph\" data-title=\"Paragraphe\" contenteditable=\"true\" tabindex=\"0\">&#8211; R\u00e9duire la pauvret\u00e9 ;<\/p>\n<p aria-label=\"Bloc paragraphe\" role=\"textbox\" class=\"block-editor-block-list__block wp-block rich-text block-editor-rich-text__editable wp-block\" aria-multiline=\"true\" id=\"block-8f4451c6-d9e5-4239-ba82-5304013f5160\" data-block=\"8f4451c6-d9e5-4239-ba82-5304013f5160\" data-type=\"core\/paragraph\" data-title=\"Paragraphe\" contenteditable=\"true\" tabindex=\"0\">&#8211; Favoriser l\u2019acc\u00e8s au logement, \u00e0 l\u2019\u00e9ducation et \u00e0 la sant\u00e9;<\/p>\n<p aria-label=\"Bloc paragraphe\" role=\"textbox\" class=\"block-editor-block-list__block wp-block rich-text block-editor-rich-text__editable wp-block\" aria-multiline=\"true\" id=\"block-fe3f1e99-cc59-41ad-8ee8-2430aa469c81\" data-block=\"fe3f1e99-cc59-41ad-8ee8-2430aa469c81\" data-type=\"core\/paragraph\" data-title=\"Paragraphe\" contenteditable=\"true\" tabindex=\"0\">&#8211; Promouvoir l\u2019acc\u00e8s aux vacances, \u00e0 la culture et aux loisirs ;<\/p>\n<p aria-label=\"Bloc paragraphe\" role=\"textbox\" class=\"block-editor-block-list__block wp-block rich-text block-editor-rich-text__editable wp-block\" aria-multiline=\"true\" id=\"block-4ee810df-f295-408d-b2eb-cdb42bd1a711\" data-block=\"4ee810df-f295-408d-b2eb-cdb42bd1a711\" data-type=\"core\/paragraph\" data-title=\"Paragraphe\" contenteditable=\"true\" tabindex=\"0\">&#8211; Favoriser l\u2019\u00e9ducation permanente de notre public ;<\/p>\n<p aria-label=\"Bloc paragraphe\" role=\"textbox\" class=\"block-editor-block-list__block wp-block rich-text block-editor-rich-text__editable wp-block\" aria-multiline=\"true\" id=\"block-0aa7dfed-a119-4879-b008-998ddffcfd72\" data-block=\"0aa7dfed-a119-4879-b008-998ddffcfd72\" data-type=\"core\/paragraph\" data-title=\"Paragraphe\" contenteditable=\"true\" tabindex=\"0\">&#8211; Apporter un appui \u00e0 l\u2019initiative priv\u00e9e des b\u00e9n\u00e9ficiaires ;<\/p>\n<p aria-label=\"Bloc paragraphe\" role=\"textbox\" class=\"block-editor-block-list__block wp-block rich-text block-editor-rich-text__editable wp-block\" aria-multiline=\"true\" id=\"block-04c62d22-42ab-4929-8035-ba17a510f1f4\" data-block=\"04c62d22-42ab-4929-8035-ba17a510f1f4\" data-type=\"core\/paragraph\" data-title=\"Paragraphe\" contenteditable=\"true\" tabindex=\"0\">&#8211; Promouvoir la protection de l\u2019environnement ;<\/p>\n<p aria-label=\"Bloc paragraphe\" role=\"textbox\" class=\"block-editor-block-list__block wp-block rich-text block-editor-rich-text__editable wp-block\" aria-multiline=\"true\" id=\"block-57d4cfeb-932d-4f12-bb59-47e3acd0c16f\" data-block=\"57d4cfeb-932d-4f12-bb59-47e3acd0c16f\" data-type=\"core\/paragraph\" data-title=\"Paragraphe\" contenteditable=\"true\" tabindex=\"0\">&#8211; Promouvoir l\u2019\u00e9ducation des jeunes filles\/femmes ;<\/p>\n<p aria-label=\"Bloc paragraphe\" role=\"textbox\" class=\"block-editor-block-list__block wp-block rich-text block-editor-rich-text__editable wp-block\" aria-multiline=\"true\" id=\"block-2c16aa3a-711a-4bd4-a8f6-30cfa688f043\" data-block=\"2c16aa3a-711a-4bd4-a8f6-30cfa688f043\" data-type=\"core\/paragraph\" data-title=\"Paragraphe\" contenteditable=\"true\" tabindex=\"0\">&#8211; Encourager l\u2019insertion des populations migrantes ;<\/p>\n<p aria-label=\"Bloc paragraphe\" role=\"textbox\" class=\"block-editor-block-list__block wp-block rich-text block-editor-rich-text__editable wp-block\" aria-multiline=\"true\" id=\"block-3656ed27-7db8-4889-bcfe-5b91f6f0993c\" data-block=\"3656ed27-7db8-4889-bcfe-5b91f6f0993c\" data-type=\"core\/paragraph\" data-title=\"Paragraphe\" contenteditable=\"true\" tabindex=\"0\">&#8211; D\u00e9velopper certaines valeurs humanistes, etc.<\/p>\n<div class=\"block-list-appender\" tabindex=\"-1\"><\/div>\n<\/div>\n<\/div>\n<\/div>\n<\/div>\n\n\n<figure class=\"wp-block-image size-large is-style-rounded\"><img loading=\"lazy\" width=\"1024\" height=\"683\" src=\"http:\/\/spwb.be\/wp-content\/uploads\/2022\/12\/DSC_5610-6-1024x683.jpg\" alt=\"\" class=\"wp-image-162\" srcset=\"https:\/\/spwb.be\/wp-content\/uploads\/2022\/12\/DSC_5610-6-1024x683.jpg 1024w, https:\/\/spwb.be\/wp-content\/uploads\/2022\/12\/DSC_5610-6-300x200.jpg 300w, https:\/\/spwb.be\/wp-content\/uploads\/2022\/12\/DSC_5610-6-768x512.jpg 768w, https:\/\/spwb.be\/wp-content\/uploads\/2022\/12\/DSC_5610-6-1536x1024.jpg 1536w, https:\/\/spwb.be\/wp-content\/uploads\/2022\/12\/DSC_5610-6-2048x1365.jpg 2048w, https:\/\/spwb.be\/wp-content\/uploads\/2022\/12\/DSC_5610-6-360x240.jpg 360w\" sizes=\"(max-width: 1024px) 100vw, 1024px\" \/><\/figure>\n","protected":false},"excerpt":{"rendered":"<p>Le Secours Populaire agit dans le domaine de l\u2019action sociale, culturelle, \u00e9ducative et humanitaire. En effet, l\u2019association a pour but d\u2019accompagner les populations d\u00e9favoris\u00e9es en vue de promouvoir leur d\u00e9veloppement personnel ainsi que leur int\u00e9gration dans la soci\u00e9t\u00e9 en tant que citoyens actifs, solidaires et responsables. En outre, nous sommes [&hellip;]<\/p>\n","protected":false},"author":1,"featured_media":0,"parent":0,"menu_order":0,"comment_status":"closed","ping_status":"closed","template":"","meta":[],"_links":{"self":[{"href":"https:\/\/spwb.be\/index.php\/wp-json\/wp\/v2\/pages\/102"}],"collection":[{"href":"https:\/\/spwb.be\/index.php\/wp-json\/wp\/v2\/pages"}],"about":[{"href":"https:\/\/spwb.be\/index.php\/wp-json\/wp\/v2\/types\/page"}],"author":[{"embeddable":true,"href":"https:\/\/spwb.be\/index.php\/wp-json\/wp\/v2\/users\/1"}],"replies":[{"embeddable":true,"href":"https:\/\/spwb.be\/index.php\/wp-json\/wp\/v2\/comments?post=102"}],"version-history":[{"count":12,"href":"https:\/\/spwb.be\/index.php\/wp-json\/wp\/v2\/pages\/102\/revisions"}],"predecessor-version":[{"id":336,"href":"https:\/\/spwb.be\/index.php\/wp-json\/wp\/v2\/pages\/102\/revisions\/336"}],"wp:attachment":[{"href":"https:\/\/spwb.be\/index.php\/wp-json\/wp\/v2\/media?parent=102"}],"curies":[{"name":"wp","href":"https:\/\/api.w.org\/{rel}","templated":true}]}}